4. Let u = p - 33. What is the tens digit of u?
3
Suppose -6 = -3*l - 3*k, 0*k - 1 = k. Suppose 14 + 4 = l*r. What is the units digit of r?
6
Let z(t) = 9*t**2 + 7*t + 1. Let n(d) = d**2 + d + 1. Let j(q) = -4*n(q) + z(q). What is the units digit of j(3)?
1
Let f be ((-7)/(-21))/(2/(-6)). What is the units digit of 32 - f - (-3 - 0)?
6
Suppose 3*f - 5616 = -24*f. What is the hundreds digit of f?
2
Suppose -24*v + 26*v = 10. Let q be (-68)/v - (-4)/(-10). Let m = 31 + q. What is the tens digit of m?
1
Suppose -53190 + 191198 = 52*n. What is the hundreds digit of n?
6
Let n(i) = -i + 196. Let j be n(0). Suppose 4*d - c + 19 = j, -5*d = 2*c - 231. Let u = d + -25. What is the tens digit of u?
2
Suppose 10 = 2*b - 4*b. Let f(i) = -i - 2. Let d be f(b). Suppose 0 = d*l - 134 + 11. What is the tens digit of l?
4
Let c be 30*(-4)/(-66) + (-4)/(-22). Suppose 3 = o, -5*z = -c*z + 2*o - 27. What is the units digit of z?
7
Let q be (105/(-10))/(-7)*10/(-3). What is the units digit of (9/(-4))/(-2*q/(-920))?
7
Let b = -1526 - -3438. What is the tens digit of b?
1
Let o(r) = -r - 22. Let c be o(0). Suppose 5*d - v - 185 = 0, 3*v + 0 = -2*d + 57. Let x = c + d. What is the tens digit of x?
1
Let b(k) = 8*k**3 - k**2 - 9*k - 5. What is the units digit of b(3)?
5
Suppose -5*f - 400 = -4*c + c, -5*c + 5*f + 660 = 0. Let y = -48 + c. What is the units digit of y?
2
Suppose 4*v + 3*f + 104 = 1017, -v + 233 = -4*f. What is the units digit of v?
9
Let d = 8 - 6. Suppose d = -3*s - 13. Let i(v) = -v**2 - 6*v + 3. What is the units digit of i(s)?
8
Suppose 0 = -2*m + 74 - 32. Let a = 3 + m. Suppose 14*q = 15*q - a. What is the units digit of q?
4
Let l be 3 + 46/(-14) - 782/7. Let o = 158 + l. What is the tens digit of o?
4
What is the units digit of 4*(1975/(-20))/(10/(-16))?
2
Suppose 22*b + 22495 = 33*b. What is the thousands digit of b?
2
Let g(c) = 135*c**2 - 3*c + 6. Let o be g(2). Suppose -145 = 5*s - o. What is the tens digit of s?
7
Let i = -473 - -1485. What is the hundreds digit of i?
0
Suppose 8*n = 12*n - 20. Suppose 3*p - 243 = 2*f, 3*p - 3*f - 284 = -38. Suppose -n*b + p = -221. What is the units digit of b?
0
Let l(p) be the third derivative of 0 + 1/6*p**3 + 0*p - 2*p**2 - 1/60*p**5 + 1/24*p**4. What is the units digit of l(1)?
1
Suppose -3*h = 4*s - 4 - 8, -2*h = 2*s - 8. Let b = s + 5. Let y = b - -37. What is the units digit of y?
2
Suppose 7 = -3*a - 5, -2*t - 3*a = -232. Suppose 3*j = 2*d + t, 3*d = 4*j - 61 - 102. What is the units digit of j?
0
Suppose 3*i + 5 = 8*i. Let a = -120 + i. Let b = -42 - a. What is the units digit of b?
7
Suppose -3*a + 1622 = 2*h, -15*h = -3*a - 16*h + 1621. What is the hundreds digit of a?
5
Let x be 3/2 + (-2)/4. Let y be -9 + (5/(-15))/((-3)/27). What is the units digit of (-3)/(y/22)*x?
1
Suppose 8*g - 108 = 6*g. Let t = 77 - g. Suppose -5*l + t + 22 = 0. What is the units digit of l?
9
Suppose 4*a - 4*w - 1156 = 0, -5*a + 52 + 1375 = w. Suppose -5*l + 2*l = 5*v - a, 4*v = -4. What is the tens digit of l?
9
Suppose -5*v - 65 + 15 = 0. Let q(g) = -17*g + 9. What is the tens digit of q(v)?
7
Let b = 1111 - 606. What is the units digit of b?
5
Let s(v) be the first derivative of v**2/2 + 5*v + 3. Let d be s(5). Suppose r + 3*y = d, 0 = 2*r + y - 5*y. What is the units digit of r?
4
Let b(t) = -t**3 - 5*t**2 + 4*t - 8. Let v be b(-6). Suppose -v*c - 659 = -5*g - 7*c, 0 = 3*g + 2*c - 396. What is the tens digit of g?
3
Let m be (273 + (-28)/(-4))/((-4)/(-14)). Suppose -5*h - 498 = -2*s, 4*s = -h + 3*h + m. What is the units digit of s?
4
Suppose 5*m = 3*n + 4333 + 58, -4*m - 2*n = -3526. What is the tens digit of m?
8
Let g = -44 + 32. Let a be 4/(-3)*261/g. Suppose 25*r = a*r - 136. What is the tens digit of r?
3
Suppose 0 = 3*a - 7*a - 16. Let g be (-19)/a + (-3)/4. Suppose l - g = 5. What is the units digit of l?
9
Let t(b) = -19*b**2 + 25 - 2*b + 8*b**2 - 3 + 13*b**2. What is the hundreds digit of t(7)?
1
Suppose -2*n - 649 = -3*s - n, -5*s = -2*n - 1080. What is the tens digit of s?
1
Suppose 4*o + y - 1881 = 0, 14*o + 4*y = 17*o - 1425. What is the hundreds digit of o?
4
Suppose 0 = 5*c + 10*o - 6*o - 3909, -c - 2*o = -777. What is the units digit of c?
5
Suppose 2*d + 0 - 10 = 0. What is the tens digit of 36/(-1 + 5)*d?
4
Suppose 0*u = 3*u + 1956. Let f be u/(-16) + (-3)/(-12). Suppose -3*l = -a - 114, -f - 151 = -5*l + a. What is the tens digit of l?
3
Suppose 40 = 5*t - 4*t. Suppose 79 = k + z, 4*k + 2*z - 268 = t. Suppose -4*x = 3*s - k, 0*x = 2*x - 2*s - 34. What is the tens digit of x?
1
Let g = -694 - -1227. What is the hundreds digit of g?
5
Suppose -42 = -3*j - 4*d, 2*d - 5*d + 29 = 2*j. Let z be 2 - (-15)/6*j. Let t = 43 + z. What is the tens digit of t?
7
Let u(j) = -2822*j - 1. What is the hundreds digit of u(-1)?
8
Let d = 1848 - 1535. What is the units digit of d?
3
Let n be 1*(-3 + 61) + -2. Suppose -d + 3*d - 5*x = 107, -5*x - n = -d. What is the units digit of d?
1
Suppose 2*c - 5*w - 3 = 10, 0 = c - 3*w - 7. Let b be -2*(2/c + -2). Suppose -2*t - 4*r = -28, 0*t = -2*t + b*r + 28. What is the tens digit of t?
1
Suppose 20 = 5*q - 5*x, -1 - 3 = 4*x. Suppose 0 = -s + 3*i + 9, -2 = -q*i + 7. What is the tens digit of s?
1
Let s(g) = 15*g**2 + 4*g + 5. What is the hundreds digit of s(5)?
4
Let z(t) = 4*t + 157. What is the hundreds digit of z(-12)?
1
Let u(l) be the first derivative of -l**4/4 - 4*l**3/3 - 2*l**2 - 3. What is the units digit of u(-5)?
5
Suppose 0 = -c + 2*n, c = 5*n - 0*n. Suppose -x = -2*x + 2. Suppose x*z - 40 + 12 = c. What is the tens digit of z?
1
Let l(r) be the third derivative of -r**6/120 + 2*r**5/15 - r**4/4 - 5*r**3/6 + 4*r**2 + 8*r. Let z be -2 - -4 - -4*1. What is the units digit of l(z)?
1
Suppose 126*s - 46890 = 96*s. What is the hundreds digit of s?
5
Let y = 5324 - 3074. What is the tens digit of y?
5
What is the hundreds digit of 1165*(1 - 7)/(-2)?
4
Suppose 0 = 4*z + 4*b - 9*b - 10, 0 = 2*z + b + 2. Suppose 3*q - 4*k + 29 = z, 4*k = -5*q - k - 95. What is the units digit of 0/(-1) - (q - 3)?
8
Suppose 10*j - 4 = 6*j. Let m = 0 - j. Let o = 1 - m. What is the units digit of o?
2
What is the thousands digit of (10672/(-2))/((-20)/10)?
2
Let m = -49 + 359. What is the tens digit of m?
1
Suppose -8 = -0*x - 4*x. Suppose -t + x*t = 16. Let a = 48 - t. What is the tens digit of a?
3
Suppose -q + 5*q = 2*v - 1170, 10 = 5*q. What is the units digit of v?
9
Let t be 6/4*(-16)/1. Let u = -199 + 172. Let q = t - u. What is the units digit of q?
3
Let r be -5 + 6 - (-106 + -1). Let q be r/8 - 3/6. Suppose -5*m = -q + 3. What is the units digit of m?
2
Let a(x) be the second derivative of -x**5/20 - 2*x**4/3 + x**3 + 7*x**2/2 + 7*x - 2. Suppose 3*c - 5*c - 18 = 0. What is the units digit of a(c)?
4
Let c(f) = -f**3 + 13*f**2 - 15*f - 21. What is the thousands digit of c(-12)?
3
Let q(c) = c**3 - 8*c**2 + 5*c - 1. Let y be q(8). Let l = 132 - 130. Let b = y - l. What is the units digit of b?
7
Let c be (2 + 2/1)*29. Let n = c - 40. What is the tens digit of n?
7
Suppose 0 = -4*d + 4*z + 1092, -339 = 3*d + 5*z - 1198. Suppose 3*x = 52 + d. What is the hundreds digit of x?
1
Let t = -25 - -18. Let r(h) = -27*h - 16. What is the units digit of r(t)?
3
Let m = -2264 - -3704. Suppose -30*w = -35*w + m. What is the tens digit of w?
8
Let a(n) be the third derivative of n**6/40 - n**5/60 + n**4/12 - n**3/6 + n**2. Let l be a(1). What is the units digit of (-140)/(-6) - (-2)/l?
4
Let s = -1179 - -1742. What is the units digit of s?
3
Let b be -3*(-12)/9 + 1. Let x(a) = -a**2. Let p(q) = 7*q**2 + 2*q - 1. Let t(r) = b*x(r) + p(r). What is the units digit of t(4)?
9
Let z(b) = 18*b**2 - 11*b - 25. What is the units digit of z(11)?
2
Let p be (0 - 0) + 15918/6. Let s = 4732 - p. What is the units digit of 2/(-5) + s/35?
9
What is the tens digit of ((-61)/2)/((-10)/380)?
5
Suppose -6*n + 928 = -1388. What is the tens digit of n?
8
Suppose 18*z - 14*z = -312. Let j = -27 - z. What is the units digit of j?
1
Let h = -17 - -17. Suppose -4*f + 32 + 124 = h. What is the units digit of f?
9
Let h(n) = n**2 - 7*n - 10. Let a be h(7). Let f be (-5)/(3 - (-32)/a). Suppose -4*l - d + 8 + f = 0, -3*d = -3. What is the units digit of l?
8
Suppose -16*i + 212 = -14*i. Let k = i + -61. What is t